390) - 2)?
7
Let v = 693 + -2270. Let q be (-7)/(189/6) + v/(-9). What is the units digit of q - (-1)/((-4)/(-12))?
8
Suppose 6*a - a = 3*p + 4036, 2*a - 1624 = -2*p. Suppose a = 6*u - 1255. What is the units digit of u?
4
Suppose 9*r - 18 = 3*r. Let h(l) = -l**3 + 3*l**2 - 3*l + 5. Let j be h(r). What is the tens digit of j/((18/27)/((-58)/6))?
5
What is the hundreds digit of (-22092)/(-35)*(7 - 2)?
1
Suppose -6*h + 35 = -h + 3*g, -5*g + 45 = 5*h. Suppose 3*b + 0*b = -3*f - 6, 4*b = h*f. What is the units digit of ((1 - -21)/(-1))/f?
2
Suppose 0 = -d - 5*k - 6014, -11*d = -13*d + 2*k - 12028. What is the hundreds digit of 6/48 - d/16 - 5?
3
Let v = -107 - -53. What is the tens digit of 21*603/v*8/(-14)?
3
Let p be ((-6)/(-6))/((-3)/(-5241)) - -1. Suppose -12*k = -p + 572. Suppose k = s - 5*i, -4*s + 282 = 3*i - i. What is the units digit of s?
3
Let u = -23354 + 34970. What is the hundreds digit of u?
6
Suppose -2*s + 5 - 3 = 0, 2*q - 4*s - 20472 = 0. What is the thousands digit of q?
0
Let w = -410 - -925. Suppose 0 = -16*o + 15*o + w. What is the tens digit of o?
1
Suppose 3*z - 233 - 1723 = -2*p, 0 = 3*z - 4*p - 1938. What is the units digit of z?
0
Let y = -12921 + 24300. What is the ten thousands digit of y?
1
Let h(y) = -y**2 - 7*y + 16. Let m be h(-9). What is the units digit of 1/(2 - (-2585)/(-1295)) - m?
1
Suppose -3*g + 6 = -9*g. Let f be (0 - g)*-4 + -149. Let y = 329 + f. What is the tens digit of y?
7
Let l(w) be the second derivative of w**8/6720 - w**7/630 + w**5/60 - 2*w**4/3 - 5*w. Let m(k) be the third derivative of l(k). What is the tens digit of m(6)?
7
Suppose -n - 4 = 3*m, 0 = n + 11*m - 10*m + 8. Let q be 6*((-2)/n)/(9/15). Suppose v = 43 - q. What is the tens digit of v?
4
Let v(w) = 6*w**2 + 6*w**2 - 12*w + 9*w - 7*w**2 + 5*w + 2. Let a be (1/2)/(1/(-2)). What is the units digit of v(a)?
5
Let q = -49 + 79. Suppose -f = -6*f + q. Let s(r) = 43*r - 63. What is the units digit of s(f)?
5
Let s(r) = -r - 9. Let h be (22/(-4))/(1/2). Let f be s(h). Suppose -f*k = 4*j - 12 - 30, 4 = 4*j. What is the units digit of k?
9
Suppose d = -3*b + 2, -2*d + 1 = b - 3. Suppose f = -2*v - 0*v + 132, b = -5*f + 4*v + 604. What is the tens digit of f?
2
Suppose -3*p + 105447 = 2*f, -58*f = -p - 62*f + 35129. What is the units digit of p?
3
Suppose 0 = -4*d + 5*o + 39, -o = -3*d + 2*o + 27. Let a(q) = 13*q**2 - q - 7. What is the units digit of a(d)?
5
Let b = 28528 + 1670. What is the units digit of b?
8
Suppose -z - b + 5 = 0, -4*z - 10 = -4*b - 30. Suppose g = z*l - 3*l - 1115, 3*g = -5*l + 2760. What is the units digit of l?
5
Suppose 0 = -11*a + 18*a + 3955. Let l = 819 + a. What is the hundreds digit of l?
2
Let t(a) = -2*a**3 - 109*a**2 - 130*a + 120. What is the thousands digit of t(-55)?
0
Let i = -8065 - -32876. What is the hundreds digit of i?
8
Let v = -3184 + 5319. Suppose -5*z + v = 5*r, 4*z - r - 1707 = -4*r. What is the tens digit of z?
2
Let p(r) = 165*r**2 + 0*r - 90*r**2 - 55*r**2 - 2 - 1 - r. Suppose 4*d = 3*d + 2. What is the tens digit of p(d)?
7
Let k = 39 - 35. Suppose k*y = 394 + 3942. What is the thousands digit of y?
1
Let r(q) = -q**3 + 6*q**2 - 2*q - 62. Let w(g) = -3*g**3 + 20*g**2 - 7*g - 187. Let h(y) = -10*r(y) + 3*w(y). Let f = -2 + 2. What is the units digit of h(f)?
9
Let w = 253 + -241. Suppose -w*m - 918 = -15*m. What is the tens digit of m?
0
Suppose 7*c + 574 - 2926 = 0. Suppose 5*h + c + 884 = 5*k, -4*k + 1001 = h. What is the tens digit of k?
4
What is the hundreds digit of (3/(-36))/(13/(-103324))*9?
9
Let y be (27/9)/(-1 + 2). Suppose y*b - 2*f = 4041, 5*f + 7547 - 812 = 5*b. What is the hundreds digit of b?
3
Suppose 25 + 23 = 2*v. Suppose 4*c - 3*b - v = 0, 2*c - 4*c = -3*b - 18. Suppose n - 15 = c. What is the tens digit of n?
1
Let c(i) be the third derivative of -i**5/60 - 37*i**4/24 + 49*i**3/6 - 6*i**2 - i. What is the units digit of c(-23)?
1
Suppose 29 + 59 = -2*q. Let g be 2/14 - 628/(-14). Let l = q + g. What is the units digit of l?
1
What is the hundreds digit of (3 - 3 - -6)/(-6 - -9) + 5708?
7
Suppose -2*y = 7*v - 8*v - 1, y = 2*v + 11. What is the hundreds digit of (2896/6)/(76/(-12) - v)?
7
What is the tens digit of (3184/(-112) + 7)/(1/(-21))?
5
What is the thousands digit of (-1)/(-4) + (-42)/8 - (-27 + -7685)?
7
Let b(f) = -486*f**3 + f + 5. Let k(l) = 971*l**3 + l**2 - 2*l - 12. Let y(j) = 7*b(j) + 3*k(j). What is the units digit of y(-1)?
0
Let b(x) = 4*x - 589*x**2 + 1 - 5*x + 605*x**2. What is the units digit of b(4)?
3
Suppose 2481 - 386 = 2*g - 287. What is the thousands digit of g?
1
Suppose 79*n - 204*n - 177400 = -1112525. What is the units digit of n?
1
Let l(x) = 33*x**2 + 10*x - 23. Let a be l(3). Let w = a - 169. What is the hundreds digit of w?
1
Let u(l) = -l**3 - 19*l**2 + 28*l + 64. Let i be u(-20). Let j be (-3)/(2 + -11)*i/(-2). Suppose -j*t + 17*t - 45 = 0. What is the tens digit of t?
4
Let u be 6*(8 + 21/(-3)). Let x(n) = 72*n - 101. What is the units digit of x(u)?
1
Let v be -2 + 9 + -3 + (-920)/(-2). What is the tens digit of (675/(-10))/(-9)*v/12?
9
Let b = 156 - 154. What is the units digit of 2/(b + -1) + (57 - 9)?
0
Let i(w) = -107*w - 115*w + 8 + 213*w + 1198*w**2. Let p be i(1). Suppose -4*q = 5*q - p. What is the units digit of q?
3
Suppose 3*v - 61986 = 160*p - 164*p, 61988 = 4*p + 4*v. What is the tens digit of p?
9
Suppose -4684 = -h - 4*s, h - 2471 = -2*s + 2205. What is the hundreds digit of h?
6
Let h be (-2 - (-3 - -2))*(520 - -2). Let d = h + 897. What is the units digit of d?
5
Suppose -g = x - 1306, -7*x - 77 = -42. What is the hundreds digit of g?
3
Suppose 2*u + 4*j + 4 = 9*j, 0 = 5*u + 5*j + 80. Let r(n) = 5*n**2 + 19*n + 2. What is the units digit of r(u)?
4
Suppose -h + 3*u = -2032, -438*u = -2*h - 442*u + 4054. What is the thousands digit of h?
2
Let n = -20 + 23. Suppose 2*o + 0*l = 3*l - 47, 0 = n*l - 9. What is the tens digit of 6 + -3 - (o - 3 - 1)?
2
Let s(f) = 58*f**2 + f + 3. Let d(z) = z**3 - 19*z**2 + 33*z + 15. Let q be d(17). Let t be s(q). Let v = t - 39. What is the hundreds digit of v?
1
Let u(v) = 5*v - 6*v - 4 + 2*v**2 - 9*v. Suppose 3*b - 6 = p - b, -4*b = p - 26. What is the units digit of u(p)?
6
Let j(b) be the first derivative of -2*b**4 - b**3/3 - 5*b**2/2 - 5*b + 9. Suppose 2*z - 8 = 6*z. What is the tens digit of j(z)?
6
Let f be 3*(-331)/(-12) - (-2)/8. Let q = 39 - f. What is the units digit of -58*(4/22 + 74/q)?
7
Let k(x) = 28*x**3 - 7*x**2 + 10*x - 4. Let a(u) = -140*u**3 + 36*u**2 - 49*u + 19. Let n(v) = 2*a(v) + 11*k(v). What is the units digit of n(3)?
1
Suppose -15*g + 95219 - 14873 = -86109. What is the tens digit of g?
9
Let j be (-58)/(-6) - 27/(-81). Suppose -j = -2*z + 290. What is the hundreds digit of z?
1
Let w(g) = -11*g + 250. Suppose -k - 2*k - 84 = 2*b, 0 = k - 4*b + 14. What is the tens digit of w(k)?
3
Suppose -4*z = 2*f - 134, 2*f + 38 = 2*z - 38. Let n be (117/1 - 1) + -3. Let x = z + n. What is the units digit of x?
8
Let s be 2 + (-12)/5 + (-147)/(-105). Let m(j) = 336*j**3 + 2*j**2 - j - 1. What is the hundreds digit of m(s)?
3
Let i(x) = -x**3 - 8*x**2 - 6*x - 13. Let w(d) = d - 5. Let k be w(5). Suppose -2*n - 6 - 12 = k. What is the units digit of i(n)?
2
Let g(n) be the first derivative of n**4/4 - 2*n**3 + 2*n**2 - 8*n - 86. What is the units digit of g(7)?
9
Let o = -200 + 200. Let y(z) = -z**2 + 449. What is the hundreds digit of y(o)?
4
Let o = 738 - 429. Suppose 4*d - 3*d = o. What is the tens digit of d?
0
Suppose -3*p - 89*f = -91*f - 30368, f + 30373 = 3*p. What is the hundreds digit of p?
1
Suppose o - 130*d = -136*d + 16690, 3*d = -9. What is the thousands digit of o?
6
Suppose -2*l - 2*p = -4, 5*l - 3*p - p = 28. Suppose 5*b = -2*v + v + 20, 0 = -l*b - 12. What is the units digit of v?
5
Let h(z) = -2*z - 4 + 571*z**2 + 12*z - 561*z**2. What is the units digit of h(-6)?
6
Suppose -5*z = 2*d - 12, -2*z - d - 8 = 3*d. What is the units digit of z + 90/(-24) + (-731)/(-4)?
3
Let m = -133 + 266. Let p be 7232/3729 + 2/33. Suppose -71 = -p*t + m. What is the hundreds digit of t?
1
Suppose -20*c = -215764 - 149696. What is the thousands digit of c?
8
Suppose 3*b - 2 - 8 = -2*y, 3*b = 2*y + 26. Let c be (120/(-5) + 4)/4. What is the units digit of (-6)/c*40/b?
8
